 + 33, n - 1 = r. Suppose -188 = -3*s - c, -s + 0*c = 2*c - m. List the prime factors of s.
3, 7
Let r = 573 - 564. List the prime factors of (27540/(-8))/r*-2.
3, 5, 17
Suppose -7*s = -4*s - 24. Suppose -s*x + 502 = -5*x - 2*k, -190 = -x - 5*k. List the prime factors of x.
2, 5, 17
Suppose -202*b + 264808 + 137080 - 34248 = 0. What are the prime factors of b?
2, 5, 7, 13
Let m be (0 - (-2)/(-3)) + (-2769)/(-117). Suppose -31*x + 632 = -m*x. What are the prime factors of x?
79
Suppose -2*c - 3*r + 5 - 2 = 0, 9 = c - r. Suppose 0 = -c*k + 4*k + 130. Suppose -335 = -15*j - k. List the prime factors of j.
2, 3
Let p(h) = 193*h**2 - 7*h - 27. List the prime factors of p(-6).
3, 11, 211
Let s(k) = 792 - 816 + 0*k**2 - 3*k**2. Let b be s(0). Let t(q) = -q**3 - 25*q**2 - 26*q + 48. List the prime factors of t(b).
2, 3
Let z(j) be the second derivative of j**4/12 - 5*j**3/3 - j**2/2 - 372*j. Let t(x) = -x**2 - 5*x + 1. Let p be t(-6). List the prime factors of z(p).
2, 37
Let d(s) = 6*s + 20. Let l be d(-13). Let b = 66 + l. What are the prime factors of (-18)/(-4)*(4 - b/(-3))?
2, 3, 5
What are the prime factors of -4 + (17885 - 7/((-77)/88))?
3, 67, 89
Let t(u) = 9*u**2 + 7*u. Let y be t(-7). Let m be (-8)/96*-87 + 6/8. Suppose -d = -m*d + y. What are the prime factors of d?
2, 7
Let j = -15343 + 23898. List the prime factors of j.
5, 29, 59
Suppose -3*b = -5*g - 50630, -658*b - 16874 = -659*b - g. List the prime factors of b.
3, 5
Suppose 95*z = -13*z + 470908 + 636632. List the prime factors of z.
5, 7, 293
Let h = 12338 - -8859. List the prime factors of h.
11, 41, 47
Let g = -16377 + 24191. What are the prime factors of g?
2, 3907
Suppose -131*l + 129*l = -10. Suppose -4*g = -r - 704, -883 = -l*g + 3*r - r. List the prime factors of g.
5, 7
Suppose -7 = 2*l + 2*v - 2875, 5726 = 4*l + 2*v. What are the prime factors of l?
1429
Suppose -694*s + 643*s = -119646. What are the prime factors of s?
2, 3, 17, 23
Let h(k) = 6151*k - 6246. What are the prime factors of h(7)?
131, 281
Suppose -7*c + 2*c + 120 = -h, 2*c + 3*h = 48. Suppose 0 = 12*y - 416 - 5476. What are the prime factors of y/c*4 + 2/12?
2, 41
Suppose 0 = 2*a + 4*w + 152, 3*a - 4*w = -0*w - 198. Let p = a - -40. Let t = 120 - p. List the prime factors of t.
2, 3, 5
Let s(g) = 4*g**2 - 95*g - 15. Let z be s(24). Suppose 570 = z*h + 6*h. List the prime factors of h.
2, 19
Suppose 11788*a = 11805*a - 909568. List the prime factors of a.
2, 11, 19
Let z be (-36)/27 - 98/(-6). Suppose o = -s - 2*o + z, -5*s - 2*o + 23 = 0. Suppose 4*x + 127 = l, 58 = -s*l + 4*x + 479. What are the prime factors of l?
3, 7
Suppose -105*u + 328685 = -5*u - 380815. List the prime factors of u.
3, 5, 11, 43
Let s be (21 - 0 - -3)*4. Suppose 19*o = 92 - 35. What are the prime factors of o + 0 + s + 9?
2, 3
Suppose 349*u - 347*u + 2*g = 39078, 0 = -6*g - 36. List the prime factors of u.
3, 5, 1303
List the prime factors of (-42655 + -9)/(-1*(-4 + 6)).
2, 5333
List the prime factors of (-2 + (-3 - 7138))*(44/33 + -3).
5, 2381
Suppose 4*s + t - 3484 = 0, -4*s + 3472 = -12*t + 10*t. List the prime factors of s.
2, 3, 5, 29
Let p be 436*(-4)/(-8) + 3. Let k be (10 + -12)/((-2)/p). Let j = -134 + k. What are the prime factors of j?
3, 29
Let n(f) = -4*f**3 - 7*f**2 + 4*f + 3. Let a be n(1). What are the prime factors of 1258/2 - (3 + 24/a)?
2, 79
What are the prime factors of -2 - (8 - 11) - (-4)/(20/169025)?
2, 16903
Let a = -16 + 23. List the prime factors of a/(4*1/88).
2, 7, 11
Let h(i) = -6*i + 182. Let y be h(6). Suppose 405 - y = q. What are the prime factors of q?
7, 37
Suppose 475*a - 460*a - 402840 = 0. What are the prime factors of a?
2, 3, 373
Suppose h = -u + 4, -2*u + 3*u - 16 = -3*h. Let f(d) = 8 - h*d + 15*d - 57. What are the prime factors of f(22)?
149
Suppose -5*h + 5*l = -35, 2*h + 2*l = 6*l + 20. Suppose 0 = -h*q - 18 + 50. List the prime factors of 69/6 - (-4)/q.
2, 3
Let h(v) = v**2 - 10*v + 33. Let f be h(3). Let a(n) be the first derivative of n**3/3 - 2*n**2 + 15*n + 11. What are the prime factors of a(f)?
3, 37
Let w = -11192 - -15948. What are the prime factors of w?
2, 29, 41
Let z = 19 + -21. Let w = -70 - -65. What are the prime factors of (((-804)/15)/(-1))/(z/w)?
2, 67
Suppose 0 = 2*g - 17 - 7. Suppose -2*o + g = -3*c - 5*o, -16 = 3*c + 4*o. Suppose 3*q = 4*i - 409, q = 2*i - c*i - 203. List the prime factors of i.
2, 5
Suppose r - 49 = 4*x - 0*x, -46 = -r + 3*x. Let o = 139 + r. List the prime factors of o.
2, 11
Let z = 27930 + -2788. What are the prime factors of z?
2, 13, 967
Let v = -7831 + 12672. List the prime factors of v.
47, 103
Suppose -q - 5*p = q - 5, 5*p = 5*q - 30. Let v(r) be the first derivative of 8*r**3/3 - 2*r**2 + 8*r - 1630. List the prime factors of v(q).
2, 47
Suppose 3*v - 59507 = -s, 2*v - s + 3553 = 43236. What are the prime factors of v?
2, 7, 13, 109
Let p = -122 + 125. Let d be (-1647)/(-12) - p*3/36. List the prime factors of d - (1/(-5))/((-1)/(-5)).
2, 3, 23
Let o(p) = 19*p**2 + 10*p - 10. Let g be o(4). Let h = g + -89. What are the prime factors of h?
5, 7
Let c = 739 + -725. Suppose 31*l - c*l - 21641 = 0. What are the prime factors of l?
19, 67
Let j be (10/3)/5 + (-350)/(-15). Let o be ((-21)/4 + 3)*j/(-9). Suppose o*h - 914 - 106 = 0. What are the prime factors of h?
2, 5, 17
Suppose -2 = -4*j + 2*m, 5*j = -2*m - 1 - 1. Suppose 2096 = 2*r - 3*n - 0*n, 4*n - 16 = j. What are the prime factors of r?
2, 17, 31
Let h = 20 + 10. Suppose 4 = -28*s + h*s. Suppose 6*d - q = 3*d + 24, 2*q - 16 = -s*d. List the prime factors of d.
2
Suppose -3*u - d + 3*d + 154 = 0, -4*u = -2*d - 206. Let k = 54 - u. Suppose -213 = -3*o + 5*h + 70, 206 = k*o + h. List the prime factors of o.
101
Suppose 0 = -8*k + k + 35. Suppose k*c = -0*c - 4*w + 427, -c + 89 = 2*w. Suppose -4*i - c = -507. List the prime factors of i.
2, 53
Suppose -u - 583 = -2104. What are the prime factors of -2*u/(-6) + -7 + 8?
2, 127
Suppose 22*x - 540808 = 100558. List the prime factors of x.
29153
Let l be 7/((-28)/24)*2/(-4). Suppose -3*q + v + v + 139 = 0, -4*q - l*v + 174 = 0. Let x = 159 - q. List the prime factors of x.
2, 3, 19
Let m = 22871 + -9662. What are the prime factors of m?
3, 7, 17, 37
Let w be 18/4*((-25)/15 + 1). List the prime factors of (-30582)/(-36) - w/(-2).
2, 53
Suppose -10183*d - 7472 = -10185*d. List the prime factors of d.
2, 467
Suppose -4*w - 4*w + 144 = 0. Let g = -14 + w. Suppose -6*q = -g*q - 154. List the prime factors of q.
7, 11
Suppose 5*c = -2*f - 7, -29 = -f - 4*f + 3*c. Suppose -3*i = f*i - 126. List the prime factors of i.
2, 3
Let f(w) = -8 + 3*w**2 - 82*w + w - 32*w. List the prime factors of f(48).
2, 5, 37
Let p(c) = 112*c**2 + 10*c + 6. Let k be p(9). Suppose 0 = -6*t + 3*t + 3*q + k, 2*t - 6113 = 3*q. What are the prime factors of 2/12 + 1 + t/30?
103
Suppose -x - 3*r = 10, -5*x + 3*r - 2 = 2*r. Let z(p) = 2028*p**3 - 3*p - 1. Let q be z(x). List the prime factors of q/(-14) - (-6 + (-40)/(-7)).
5, 29
Suppose -10*x - 14 = -3*x. What are the prime factors of (-2772)/(x + -7)*14/4?
2, 7, 11
Let x be -4 - (-15)/3 - -3. Suppose -815 = -3*y - f, 8*y + x*f = 3*y + 1363. List the prime factors of y.
271
Let m be 8/(-10) + 1792/40. Suppose -m*i + 14*i = -30810. What are the prime factors of i?
13, 79
Let c = -3 + 19. Let l = -194 + 199. Suppose l*v - 19 = c. What are the prime factors of v?
7
Let q(t) = 23*t - 1. Let b be q(1). Suppose 2*g - 250 - b = 5*l, -106 = -g - 5*l. List the prime factors of g.
2, 3, 7
Suppose -3*p + 15 = -4*g, -2*p + 7 + 4 = -3*g. Let v be (g/6 - 4/2)*-2. Let c(i) = 18*i + 34. What are the prime factors of c(v)?
2, 31
Let p(d) = 16*d**2 + d. Let r be p(-14). Suppose -2*q = 5*q - r. List the prime factors of q.
2, 223
Let f = 11 + -5. Suppose -3*k + f*k = 1311. Suppose 0*o + k = 5*z + o, 4*z - 5*o = 338. List the prime factors of z.
3, 29
Let g = -644 + 601. Let l(k) = -k**3 - 42*k**2 + 23*k - 53. What are the prime factors of l(g)?
3, 269
Let q = 21720 - -21369. What are the prime factors of q?
3, 53, 271
Let w(k) = 3*k**3 - 19*k**2 - 12*k + 7. Let y = -556 - -565. List the prime factors of w(y).
547
Let i be 312 + (6 - 8) + 5. Suppose -21*t - i = -24*t. List the prime factors of t.
3, 5, 7
Let z = 15287 - 10272. What are the prime f